alculate the remainder when 8889 is divided by 1268.
13
What is the remainder when 69712 is divided by 365?
362
Calculate the remainder when 233449 is divided by 10.
9
What is the remainder when 16490 is divided by 16474?
16
Calculate the remainder when 9973 is divided by 227.
212
Calculate the remainder when 747 is divided by 536.
211
What is the remainder when 5570 is divided by 2773?
24
Calculate the remainder when 53692 is divided by 315.
142
Calculate the remainder when 43421 is divided by 37.
20
Calculate the remainder when 24501 is divided by 15.
6
What is the remainder when 10341 is divided by 136?
5
What is the remainder when 4829 is divided by 65?
19
What is the remainder when 2707 is divided by 183?
145
Calculate the remainder when 140754 is divided by 46.
40
Calculate the remainder when 574702 is divided by 24.
22
What is the remainder when 2987758 is divided by 633?
631
What is the remainder when 15248 is divided by 1904?
16
Calculate the remainder when 506540 is divided by 122.
118
Calculate the remainder when 333584 is divided by 518.
510
Calculate the remainder when 19992 is divided by 139.
115
Calculate the remainder when 4822 is divided by 69.
61
Calculate the remainder when 9709 is divided by 693.
7
Calculate the remainder when 365327 is divided by 387.
386
What is the remainder when 641947 is divided by 694?
691
What is the remainder when 262916 is divided by 241?
226
Calculate the remainder when 22626 is divided by 279.
27
What is the remainder when 4044 is divided by 739?
349
What is the remainder when 147087 is divided by 10?
7
Calculate the remainder when 1545 is divided by 1463.
82
What is the remainder when 728 is divided by 332?
64
Calculate the remainder when 1358 is divided by 638.
82
Calculate the remainder when 4735 is divided by 4728.
7
Calculate the remainder when 1695 is divided by 2.
1
What is the remainder when 2027 is divided by 29?
26
Calculate the remainder when 2778 is divided by 287.
195
Calculate the remainder when 47866 is divided by 431.
25
What is the remainder when 21278 is divided by 195?
23
Calculate the remainder when 47789 is divided by 87.
26
Calculate the remainder when 6048 is divided by 179.
141
Calculate the remainder when 245251 is divided by 27.
10
Calculate the remainder when 30419 is divided by 294.
137
Calculate the remainder when 1975 is divided by 164.
7
Calculate the remainder when 5479 is divided by 240.
199
Calculate the remainder when 5552 is divided by 83.
74
What is the remainder when 11180 is divided by 94?
88
Calculate the remainder when 26054 is divided by 1.
0
Calculate the remainder when 24036 is divided by 52.
12
What is the remainder when 320104 is divided by 23?
13
Calculate the remainder when 6130 is divided by 64.
50
Calculate the remainder when 482586 is divided by 1835.
1816
Calculate the remainder when 2699 is divided by 926.
847
What is the remainder when 6138 is divided by 251?
114
What is the remainder when 66475 is divided by 563?
41
What is the remainder when 551 is divided by 527?
24
What is the remainder when 76662 is divided by 107?
50
Calculate the remainder when 1076 is divided by 224.
180
What is the remainder when 9399 is divided by 10?
9
What is the remainder when 4369 is divided by 1084?
33
What is the remainder when 637230 is divided by 31?
25
Calculate the remainder when 19037 is divided by 30.
17
What is the remainder when 8816 is divided by 66?
38
What is the remainder when 24067 is divided by 312?
43
What is the remainder when 21678 is divided by 45?
33
What is the remainder when 1221 is divided by 100?
21
Calculate the remainder when 31169 is divided by 15584.
1
What is the remainder when 9962 is divided by 1242?
26
Calculate the remainder when 186079 is divided by 160.
159
Calculate the remainder when 4809 is divided by 192.
9
Calculate the remainder when 20697 is divided by 62.
51
Calculate the remainder when 24637 is divided by 697.
242
What is the remainder when 97492 is divided by 527?
524
What is the remainder when 8487 is divided by 116?
19
Calculate the remainder when 5507 is divided by 1346.
123
What is the remainder when 42882 is divided by 115?
102
What is the remainder when 14189 is divided by 55?
54
Calculate the remainder when 12742 is divided by 78.
28
What is the remainder when 822495 is divided by 58?
55
What is the remainder when 3142 is divided by 900?
442
Calculate the remainder when 6177 is divided by 1539.
21
What is the remainder when 6545105 is divided by 11?
6
What is the remainder when 1049804 is divided by 305?
299
Calculate the remainder when 1033464 is divided by 7.
5
Calculate the remainder when 253863 is divided by 4231.
3
What is the remainder when 15905 is divided by 221?
214
Calculate the remainder when 16533 is divided by 961.
196
Calculate the remainder when 5886 is divided by 16.
14
Calculate the remainder when 14999 is divided by 3714.
143
What is the remainder when 77697 is divided by 637?
620
What is the remainder when 1534889 is divided by 114?
107
Calculate the remainder when 5523 is divided by 116.
71
What is the remainder when 9337 is divided by 132?
97
Calculate the remainder when 1275 is divided by 1269.
6
What is the remainder when 32457 is divided by 180?
57
Calculate the remainder when 320786 is divided by 261.
17
What is the remainder when 986 is divided by 904?
82
What is the remainder when 282846 is divided by 10?
6
Calculate the remainder when 324819 is divided by 40601.
11
What is the remainder when 13788 is divided by 145?
13
Calculate the remainder when 150669 is divided by 1187.
1107
What is the remainder when 227327 is divided by 45465?
2
Calculate the remainder when 43526 is divided by 3912.
494
Calculate the remainder when 91154 is divided by 430.
424
Calculate the remainder when 43146 is divided by 3081.
12
What is the remainder when 76700 is divided by 564?
560
What is the remainder when 43571 is divided by 1037?
17
Calculate the remainder when 1721 is divided by 77.
27
Calculate the remainder when 8094 is divided by 91.
86
What is the remainder when 3972 is divided by 3953?
19
Calculate the remainder when 5130 is divided by 2495.
140
Calculate the remainder when 2494 is divided by 390.
154
What is the remainder when 868128 is divided by 289376?
0
Calculate the remainder when 752243 is divided by 705.
8
What is the remainder when 25067 is divided by 4?
3
What is the remainder when 3116 is divided by 71?
63
Calculate the remainder when 5987 is divided by 126.
65
What is the remainder when 6764 is divided by 1108?
116
What is the remainder when 232717 is divided by 2706?
1
What is the remainder when 87404 is divided by 18?
14
What is the remainder when 600 is divided by 424?
176
Calculate the remainder when 512 is divided by 497.
15
Calculate the remainder when 961 is divided by 146.
85
What is the remainder when 63044 is divided by 54?
26
Calculate the remainder when 613 is divided by 484.
129
What is the remainder when 41280 is divided by 8247?
45
Calculate the remainder when 961307 is divided by 157.
153
Calculate the remainder when 3045 is divided by 56.
21
What is the remainder when 86357 is divided by 34?
31
Calculate the remainder when 595 is divided by 168.
91
Calculate the remainder when 36999 is divided by 15.
9
What is the remainder when 34641 is divided by 11434?
339
What is the remainder when 13315 is divided by 370?
365
Calculate the remainder when 14412 is divided by 1601.
3
What is the remainder when 405 is divided by 111?
72
Calculate the remainder when 75401 is divided by 1322.
47
What is the remainder when 88879 is divided by 22214?
23
What is the remainder when 14825 is divided by 1474?
85
What is the remainder when 29719 is divided by 74?
45
Calculate the remainder when 3008 is divided by 219.
161
Calculate the remainder when 2820 is divided by 157.
151
Calculate the remainder when 22113 is divided by 691.
1
What is the remainder when 1662 is divided by 45?
42
Calculate the remainder when 4539 is divided by 881.
134
What is the remainder when 123539 is divided by 870?
869
Calculate the remainder when 17851 is divided by 2949.
157
Calculate the remainder when 1331 is divided by 624.
83
Calculate the remainder when 162517 is divided by 591.
583
What is the remai